e of 81?
True
Is 536424503 a multiple of 99?
False
Is 14280225 even?
False
Is 113 a factor of 23406946?
False
Is 849856386 even?
True
Is 667765728 a multiple of 504?
True
Does 1749 divide 183713211?
True
Is 837456567 a multiple of 5527?
True
Does 1180 divide 105372820?
True
Is 251 a factor of 32017297?
False
Is 23 a factor of 22380286?
False
Is 2500038 a multiple of 67?
True
Is 1172484096 a multiple of 2688?
True
Is 492 a factor of 1730778545?
False
Is 14 a factor of 68712571?
False
Is 3236080117 a multiple of 2171?
False
Does 74 divide 42958184?
True
Is 19 a factor of 220219063?
True
Does 136 divide 97412856?
True
Is 24571272 a multiple of 1142?
True
Is 21843610 a multiple of 13?
False
Is 10354008 a multiple of 56?
True
Is 4437254 a multiple of 42?
False
Does 11 divide 123365176?
True
Does 514 divide 466461173?
False
Is 78722245 a multiple of 35?
True
Does 8 divide 10649192?
True
Is 215482810 a multiple of 38?
False
Is 4 a factor of 84175227?
False
Does 256 divide 71958784?
True
Is 8 a factor of 12504320?
True
Does 21 divide 32282985?
True
Is 5 a factor of 2610520?
True
Is 1050 a factor of 18783217?
False
Is 548190947 a multiple of 23?
True
Does 107 divide 689599659?
False
Is 27152453 a multiple of 425?
False
Is 569 a factor of 2529431462?
True
Does 58 divide 1284196560?
True
Does 137 divide 6815339?
True
Does 3687 divide 13461237?
True
Is 317 a factor of 32645530?
False
Is 1025 a factor of 351040975?
True
Is 552 a factor of 802668720?
True
Is 292 a factor of 75013086?
False
Is 39776928 a multiple of 453?
False
Is 40137047 a multiple of 5185?
False
Does 2386 divide 1174444078?
True
Does 140 divide 28764401?
False
Does 2775 divide 24377475?
False
Is 28298466 a multiple of 7?
True
Is 304182142 a multiple of 671?
False
Does 30 divide 89836770?
True
Does 817 divide 151049687?
False
Is 650159821 a multiple of 3391?
True
Is 39658453 a multiple of 30?
False
Is 118573632 a multiple of 81?
True
Does 1509 divide 5473542?
False
Is 59397326 a multiple of 1583?
True
Is 247 a factor of 1613962961?
True
Is 33143575 a multiple of 575?
True
Does 12 divide 48434760?
True
Is 2183425854 a multiple of 12?
False
Is 19146941 a multiple of 2211?
False
Does 55 divide 1553365?
True
Is 415977249 a multiple of 935?
False
Does 105 divide 394425363?
False
Does 1778 divide 76606908?
True
Does 3 divide 17594649?
True
Is 1289204250 a multiple of 788?
False
Is 3244553 a multiple of 69?
False
Is 2 a factor of 871566048?
True
Is 64 a factor of 792253504?
True
Is 722080168 a multiple of 8242?
False
Does 72 divide 26718048?
True
Is 83938706 a multiple of 91?
False
Is 1661782028 a multiple of 60?
False
Is 1219 a factor of 57924442?
True
Is 31702587 a multiple of 1201?
False
Is 5175590 a multiple of 535?
True
Is 3065 a factor of 1176656895?
False
Does 1392 divide 76041303?
False
Is 291961340 a multiple of 11?
True
Is 42 a factor of 85834812?
True
Is 78917173 a multiple of 340?
False
Is 25 a factor of 345007870?
False
Does 8 divide 3839488?
True
Is 8 a factor of 229020960?
True
Is 59 a factor of 348407983?
False
Does 36 divide 47748024?
True
Does 154 divide 2589048?
True
Is 1348 a factor of 90280952?
True
Does 41 divide 397411770?
True
Is 225 a factor of 120899250?
True
Is 11 a factor of 4217047402?
False
Is 1251575104 a multiple of 6342?
False
Is 8330893 a multiple of 498?
False
Is 1075530522 a multiple of 616?
False
Is 32212736 a multiple of 232?
True
Does 37 divide 10375331?
False
Is 79573677 a multiple of 58?
False
Is 5 a factor of 38289428?
False
Is 13 a factor of 27533506?
True
Does 265 divide 88327851?
False
Does 108 divide 437155571?
False
Does 36 divide 24433092?
True
Is 16 a factor of 6036235?
False
Is 695 a factor of 184962221?
False
Does 5 divide 165379145?
True
Is 15 a factor of 71218429?
False
Is 164092860 a multiple of 890?
True
Is 91195026 a multiple of 501?
True
Is 4164 a factor of 301927476?
True
Is 696091700 a multiple of 25?
True
Does 248 divide 182664400?
True
Is 3 a factor of 7138614?
True
Does 46 divide 1777728005?
False
Does 219 divide 106283985?
True
Is 87685996 a multiple of 1125?
False
Is 63 a factor of 2831937570?
True
Is 604217502 a multiple of 119?
True
Is 378 a factor of 415940238?
True
Does 6185 divide 968978186?
False
Is 484317605 a multiple of 197?
True
Is 4046488028 a multiple of 44?
True
Is 71 a factor of 171082780?
False
Does 82 divide 127566062?
False
Is 425280345 a multiple of 11?
False
Is 1826453 a multiple of 214?
False
Does 1706 divide 83797515?
False
Is 149 a factor of 4961849?
True
Is 200671757 a multiple of 17?
True
Does 248 divide 26852200?
True
Is 99 a factor of 3074772574?
False
Is 81777285 a multiple of 15?
True
Is 36 a factor of 133997112?
True
Does 258 divide 342711204?
True
Is 3 a factor of 178017?
True
Is 11 a factor of 574147090?
True
Does 70 divide 158001170?
False
Is 15 a factor of 170232390?
True
Does 17 divide 57890027?
False
Is 55 a factor of 1787352655?
True
Is 59001879 a multiple of 3092?
False
Does 350 divide 41346830?
False
Does 277 divide 12719840?
True
Is 4 a factor of 1042402?
False
Is 7 a factor of 1324584638?
False
Is 320762 a multiple of 949?
True
Is 358254947 a multiple of 1501?
False
Is 379 a factor of 10292503?
True
Is 5722 a factor of 89377640?
True
Does 8 divide 3550266144?
True
Is 3133420588 a multiple of 44?
False
Is 332339197 a multiple of 5?
False
Does 7 divide 203550858?
True
Is 1044 a factor of 1596104784?
True
Is 4518054959 a multiple of 10208?
False
Is 374 a factor of 18900173?
False
Does 9 divide 151232924?
False
Is 47 a factor of 13089832?
False
Is 1166281806 a multiple of 6?
True
Does 31 divide 388365644?
True
Is 481222320 a multiple of 60?
True
Does 4348 divide 177837548?
True
Is 126 a factor of 48739950?
True
Is 12 a factor of 524568482?
False
Does 422 divide 13466864?
True
Is 20065454 a multiple of 92?
False
Is 36777312 a multiple of 352?
True
Is 213527762 a multiple of 3426?
False
Is 16 a factor of 40234112?
True
Is 7214 a factor of 111892404?
False
Is 341636200 a multiple of 40?
True
Is 33 a factor of 152343087?
False
Is 353796811 a multiple of 33?
False
Is 55 a factor of 5482620?
True
Is 151125293 a multiple of 121?
False
Does 56 divide 192120794?
False
Does 2113 divide 3294128966?
True
Is 1271 a factor of 431352725?
False
Is 58 a factor of 10689284?
True
Is 432527765 a multiple of 1817?
True
Is 7383 a factor of 1549329933?
True
Does 32 divide 202485551?
False
Is 89 a factor of 682600624?
False
Is 219 a factor of 8739195?
True
Is 96291607 a multiple of 3?
False
Does 211 divide 13623449?
False
Does 5 divide 7194705?
True
Is 27 a factor of 974316104?
False
Is 776932543 a multiple of 211?
False
Is 206 a factor of 85867857?
False
Does 33 divide 6715467?
True
Is 650 a factor of 1140031733?
False
Does 17 divide 3469443419?
True
Does 14 divide 3258035687?
False
Is 81693293 a multiple of 274?
False
Does 24 divide 49349056?
False
Does 3637 divide 542223780?
False
Is 14 a factor of 83985146?
True
Does 14 divide 1823490396?
True
Is 343387918 a multiple of 25?
False
Is 415712256 a multiple of 133?
False
Is 675 a factor of 631417578?
False
Is 24 a factor of 101601408?
True
Does 869 divide 96048832?
True
Is 103 a factor of 12469077?
True
Is 26610640 a multiple of 665?
True
Is 157 a factor of 19367677?
True
Is 527 a factor of 63611477?
False
Is 32808048 a multiple of 1421?
True
Does 3205 divide 112594855?
True
Is 80187550 a multiple of 610?
True
Is 50 a factor of 477319750?
True
Is 223596867 a multiple of 5619?
True
Does 10 divide 74349360?
True
Is 10 a factor of 614175172?
False
Does 296 divide 702421616?
True
Is 79521324 a multiple of 287?
False
Is 1373 a factor of 66918647?
True
Does 1184 divide 1249997344?
True
Does 398 divide 4227703?
False
Is 54764327 a multiple of 13?
False
Is 5384647 a multiple of 37?
True
Is 19334757 a multiple of 228?
False
Does 53 divide 4899373?
True
Does 197 divide 3585915790?
False
Does 76 divide 40040220?
True
Is 47647102 a multiple of 233?
True
Does 31 divide 22973017?
False
Is 7495 a factor of 1259081824?
False
Does 471 divide 90639711?
True
Is 16949940 a multiple of 3?
True
Is 4753270 a multiple of 11?
False
Is 5910 a factor of 221039910?
True
Is 1949680905 a multiple of 1418?
False
Does 2085 divide 1657672995?
True
Does 10 divide 481133735?
False
Does 1144 divide 7015